5
Suppose -b + 3*l + 28 = 0, b - 92 = -4*b + 3*l. Let o = 21 + -11. Let h = 16 - o. What is the remainder when b is divided by h?
4
Let f(v) = -v**3 - 10*v**2 - 11*v - 6. Suppose -4*w - 4*p = -156, 3*w - 2*p = 116 - 24. What is the remainder when w is divided by f(-9)?
10
What is the remainder when (34/6)/((-3)/(-18)) is divided by (2*-4)/((-16)/24)?
10
Let i = -52 - -79. Calculate the remainder when i is divided by 5.
2
Let y = 36 - 23. Suppose 2*b - 65 = y. Calculate the remainder when b is divided by 20.
19
What is the remainder when (-2)/4*1 - 262/(-4) is divided by 17?
14
Let o(k) = -k**3 - k**2 + 39. Let g be o(0). Suppose 81 = 3*l - g. What is the remainder when l is divided by 14?
12
Let w = 11 - -7. What is the remainder when w is divided by 7?
4
Suppose 5*s - 5*n - 48 = 17, 19 = 3*s + n. What is the remainder when s is divided by (-154)/(-33) - 2/(-6)?
3
Let p = 146 + -133. Calculate the remainder when 0 + (0 - -1) - -36 is divided by p.
11
Suppose -12 = -2*d - 0*d. Let f be (-340)/d*(-12)/10. What is the remainder when (f/3)/(6/9) is divided by 18?
16
Let h = -42 - -108. Suppose 0 = 5*a + 3*y - 85, -y - h = -4*a - 3*y. Calculate the remainder when ((-82 - 0)*-1)/(2*1) is divided by a.
13
Let i(r) be the third derivative of -r**4/3 - r**3/2 - 4*r**2. Calculate the remainder when 36 is divided by i(-2).
10
Let t(v) = -4*v - 1. Let p be t(-2). Suppose -p = 3*z - 28. Suppose 4*a = -a + 25. Calculate the remainder when z is divided by a.
2
Suppose 2*s = 16 - 56. Let p(g) = g**2 - 6*g - 21. Let q be p(-7). Let c = s + q. What is the remainder when c is divided by 26?
24
Let r = 2 - 7. Let m(i) = -i - 1. Calculate the remainder when 5 is divided by m(r).
1
Let a(x) = 10*x**3 - 29*x**2 - x - 43. Let w(b) = 3*b**3 - 10*b**2 - 14. Let g(l) = -2*a(l) + 7*w(l). Calculate the remainder when 57 is divided by g(12).
9
Let z(v) = -1 - 2*v + 0 - 3*v. What is the remainder when 30/4 + 3 - (-2)/(-4) is divided by z(-1)?
2
Suppose -u + 147 = 2*u. What is the remainder when u is divided by 13?
10
Suppose 3*y - 20 = -5*m - 2*y, m - 9 = 4*y. What is the remainder when 12 is divided by m?
2
Suppose -z = -6*z + 25. Suppose -4*p + 53 = 3*c - 44, -z*p = 3*c - 122. Suppose 2*f - 73 = f. What is the remainder when f is divided by p?
23
Suppose 0 = -5*v - v + 246. What is the remainder when v is divided by 14?
13
Let p(x) = -9*x + 2. Let v(j) = -5*j. Let k be v(-1). Suppose -k*a + 51 = 16. What is the remainder when p(-2) is divided by a?
6
Let k = -8 + 3. Let p(o) = o**2. What is the remainder when 97 is divided by p(k)?
22
Let p be 0 + (2 - -2) + -2. Let v(h) be the first derivative of h**4/2 - 2*h**3/3 - 2. Calculate the remainder when 15 is divided by v(p).
7
Let j = -5 - -9. Let h = 1 + j. Calculate the remainder when h is divided by 2.
1
Suppose -14*n + 9*n = -225. Suppose 0 = -2*s + 21 + 3. Calculate the remainder when n is divided by s.
9
Let a(r) = 41*r**2 - r. Let s be a(-1). Let m = s - 14. Let h(q) = q**2 - 3*q - 8. Calculate the remainder when m is divided by h(6).
8
Calculate the remainder when 2 - (-139 + 4) - 3 is divided by 34.
32
Let q = -13 - -18. Suppose -2*t + 10 = q*w - 4, 2*w + 4 = 0. What is the remainder when 22 is divided by t?
10
Suppose -t + 85 = 4*t + 5*f, -72 = -4*t - 2*f. Suppose 4*s - 136 = -4*d, -d + 11 + t = -s. Let n(r) = 6*r - 1. What is the remainder when d is divided by n(2)?
10
Suppose 3*a + 105 = -4*w, 4*w - 5*a + 21 + 60 = 0. What is the remainder when 29 is divided by w/(-2) - 3/(-1)?
14
Let o be (3 - 3) + 3 + -1. Suppose -o*n = n - 69. What is the remainder when 67 is divided by n?
21
Calculate the remainder when 11 is divided by (-27)/135 - (-31)/5.
5
Let m(o) = 3*o**2 + 3*o - 6. Suppose -2*u + 5*x + 18 = -5, 2*u + 2*x - 30 = 0. What is the remainder when m(4) is divided by u?
12
Suppose -3 = 3*o - 9. Let w = o + 3. Calculate the remainder when 7 is divided by w.
2
Let n be (3*-2)/(39/(-26)). Suppose n*c - 78 = -5*f, f - 3*c - 15 = -7. What is the remainder when 25 is divided by f?
11
Let k = 208 - 132. Calculate the remainder when k is divided by 26.
24
Let w(l) = -5*l + 18. What is the remainder when w(-15) is divided by 16?
13
Suppose -6*h = -3*h - 168. Suppose 6*c - h = 64. Calculate the remainder when c is divided by 12 - (-2 - -2 - -1).
9
Suppose -2*l + 32 = 4*w + w, -4*w - 4*l = -28. Suppose q + 20 = w*q. What is the remainder when 10 is divided by q?
2
Suppose 3*l - 2*o = -4, 4*o - 8 = -0*o. Suppose -5*n + 6*n - m - 7 = l, -5*m = 3*n + 19. What is the remainder when 2 is divided by n?
0
Suppose -5*p = -150 - 150. Calculate the remainder when p is divided by 9.
6
Calculate the remainder when (396/(-60))/((-2)/10) is divided by 18.
15
Suppose -k + 27 + 41 = 0. What is the remainder when k is divided by 18?
14
Suppose -46*i + 165 = -41*i. Calculate the remainder when 360 is divided by i.
30
What is the remainder when 13 is divided by (-7 - -10)/((-6)/(-20))?
3
Let s(b) = -3*b + 53. What is the remainder when 25 is divided by s(15)?
1
Let v be (-3)/(-9)*30/2. Let f(d) = -d**3 + 4*d**2 + 6*d - 4. Let y = -1 - -2. What is the remainder when y is divided by f(v)?
0
Suppose 0 = 3*l + n - 1, 0*l - l - 8 = 2*n. Suppose l*x + 35 = 3*x. Calculate the remainder when x is divided by 2/(-4) + 50/4.
11
Suppose -4*v + 7*v = 81. Calculate the remainder when v is divided by 14.
13
Let h = 8 + -7. Suppose q = -5*n, q - 3*n - 21 = 3*q. What is the remainder when ((-6)/q)/(h/40) is divided by 9?
7
Let o = 35 - 12. What is the remainder when o is divided by 6?
5
What is the remainder when (-5 + 108)/(2 - 1) is divided by 21?
19
Suppose -5*p + 59 + 6 = 0. Let h be (-9)/6*8/(-6). Suppose 3*z - 4 = h*z - k, -2*k = 5*z - 29. Calculate the remainder when p is divided by z.
6
Suppose 5*o - 3*y - 960 = 0, -o = -2*o - 2*y + 179. Suppose 5*f = 1 + o. Calculate the remainder when f is divided by 11/1 - (-2)/1.
12
Let g(j) = j**2 - 5*j + 4. Let i = 3 + 0. Suppose 0 = 7*s - i*s - 8. What is the remainder when g(0) is divided by s?
0
Let w(r) = r**2 - 23*r**3 - r + 3*r - 1 - 2*r. Let q be w(1). Calculate the remainder when (-1 + 0)/(1/q) is divided by 8.
7
Suppose -q = -3*m + 131, 0*q - 3*q = 2*m - 91. Suppose 5 - m = -3*o. What is the remainder when (1 - 2)/((-2)/74) is divided by o?
11
Let m(u) = u**2 - 8*u + 4. Let p be m(8). Suppose 5*c + 4*t = 46, -c + 34 = p*c + t. Calculate the remainder when 9 is divided by c.
3
Suppose -1 - 3 = -2*b. Suppose u - 3*u + b*c + 14 = 0, -4*c = -4. What is the remainder when u is divided by 5?
3
Suppose 2*i + 11 + 1 = 0. What is the remainder when (-2 + 0)*117/i is divided by 10?
9
Let m(b) = -259*b**3 - b. Let g be m(-1). What is the remainder when 30 is divided by g/16 + (-6)/(-8)?
13
Let k(r) = -3*r - 4 - 3*r + 6*r**2 + r + 0*r + r**3. Calculate the remainder when 51 is divided by k(-6).
25
Let z(s) = -s**2 - 1. Let u(y) = -y**3 - 13*y**2 + 13*y - 7. Let q(h) = -u(h) + 3*z(h). What is the remainder when 102 is divided by q(-11)?
24
Suppose -4*o + 88 + 96 = 0. Suppose 5*l + 48 = 8*l. What is the remainder when o is divided by l?
14
Let q = -9 - -4. Let c(d) = -d**2 - 6*d + 3. What is the remainder when c(q) is divided by 3?
2
Let g be 84/9 - 1/3. Suppose -3*q - g = -6*q. Let j = 18 - q. Calculate the remainder when 29 is divided by j.
14
Suppose 2*s = -s - m - 4, 3*s + 2*m = -8. Suppose s = 3*c - 6, 2*c - 94 = -3*n. Let f = -18 + n. What is the remainder when 34 is divided by f?
10
Let o(l) = -6*l**2 + 6*l + 40. Let g(j) = -j**2 + j + 8. Let p(d) = 11*g(d) - 2*o(d). What is the remainder when (-380)/(-28) - 9/(-21) is divided by p(0)?
6
Let r(q) = 2*q - 10. Let s be (-12)/(-8) - (-30)/4. Calculate the remainder when 23 is divided by r(s).
7
Suppose -820 = -20*b + 560. Calculate the remainder when b is divided by 18.
15
Suppose -2*n + 1 + 11 = 0. Let g = 72 - 62. Calculate the remainder when g is divided by n.
4
Let c(x) = 4*x + 4. Let t be 66/6*1*3. Let g = -23 + t. What is the remainder when c(6) is divided by g?
8
Calculate the remainder when (4/8)/((-1)/(-48)) is divided by 7.
3
Let g(f) = 6*f - 15. Calculate the remainder when g(5) is divided by 7.
1
Calculate the remainder when 12 is divided by 36/3*5/15.
0
Let g(b) = -b**3 + 9*b**2 - 6*b + 9. What is the remainder when g(8) is divided by 9?
7
Let 